{"id":32,"date":"2017-07-26T15:18:35","date_gmt":"2017-07-26T13:18:35","guid":{"rendered":"http:\/\/www.pk-elektroplan.de?page_id=32"},"modified":"2021-05-05T10:25:18","modified_gmt":"2021-05-05T08:25:18","slug":"referenzliste","status":"publish","type":"page","link":"https:\/\/www.pk-elektroplan.de\/index.php\/referenzliste\/","title":{"rendered":"Referenzliste"},"content":{"rendered":"<ul>\n<li><a href=\"https:\/\/www.pk-elektroplan.de\/index.php\/referenzliste\/lsg-sky-chefs-flughafen-frankfurt\/\">LSG Sky Chefs Flughafen Frankfurt<\/a><\/li>\n<\/ul>\n<p><img loading=\"lazy\" decoding=\"async\" class=\"alignnone wp-image-58 size-medium\" src=\"https:\/\/www.pk-elektroplan.de\/wp-content\/uploads\/2017\/08\/cache_2412699037-300x191.jpg\" alt=\"Geb\u00e4ude von LSG Sky Chefs am Flughafen Frankfurt\" width=\"300\" height=\"191\" srcset=\"https:\/\/www.pk-elektroplan.de\/wp-content\/uploads\/2017\/08\/cache_2412699037-300x191.jpg 300w, https:\/\/www.pk-elektroplan.de\/wp-content\/uploads\/2017\/08\/cache_2412699037.jpg 480w\" sizes=\"auto, (max-width: 300px) 85vw, 300px\" \/><\/p>\n<ul>\n<li><a href=\"https:\/\/www.pk-elektroplan.de\/index.php\/referenzliste\/neu-und-umbau-universitaet-mozarteum-salzburg\/\">Neu- und Umbau Universit\u00e4t Mozarteum Salzburg<\/a><\/li>\n<\/ul>\n<p><img loading=\"lazy\" decoding=\"async\" class=\"alignnone wp-image-11 size-medium\" src=\"https:\/\/www.pk-elektroplan.de\/wp-content\/uploads\/2017\/07\/neues_mozarteum_mirabellplatz-300x200.jpg\" alt=\"Neubau der Universit\u00e4t Mozarteum Salzburg\" width=\"300\" height=\"200\" srcset=\"https:\/\/www.pk-elektroplan.de\/wp-content\/uploads\/2017\/07\/neues_mozarteum_mirabellplatz-300x200.jpg 300w, https:\/\/www.pk-elektroplan.de\/wp-content\/uploads\/2017\/07\/neues_mozarteum_mirabellplatz-768x511.jpg 768w, https:\/\/www.pk-elektroplan.de\/wp-content\/uploads\/2017\/07\/neues_mozarteum_mirabellplatz-1024x681.jpg 1024w, https:\/\/www.pk-elektroplan.de\/wp-content\/uploads\/2017\/07\/neues_mozarteum_mirabellplatz-1200x798.jpg 1200w\" sizes=\"auto, (max-width: 300px) 85vw, 300px\" \/><\/p>\n<ul>\n<li><a href=\"https:\/\/www.pk-elektroplan.de\/index.php\/referenzliste\/hofgartenpalais-muenchen\/\">Hofgartenpalais M\u00fcnchen<\/a><\/li>\n<\/ul>\n<p><img loading=\"lazy\" decoding=\"async\" class=\"alignnone wp-image-65 size-medium\" src=\"https:\/\/www.pk-elektroplan.de\/wp-content\/uploads\/2017\/08\/hofgartenpalais-300x208.jpg\" alt=\"Hofgartenpalais in M\u00fcnchen\" width=\"300\" height=\"208\" srcset=\"https:\/\/www.pk-elektroplan.de\/wp-content\/uploads\/2017\/08\/hofgartenpalais-300x208.jpg 300w, https:\/\/www.pk-elektroplan.de\/wp-content\/uploads\/2017\/08\/hofgartenpalais.jpg 334w\" sizes=\"auto, (max-width: 300px) 85vw, 300px\" \/><\/p>\n<ul>\n<li>ORC Heizkraftwerke mit Pelletierung in L\u00f6bau, Oranienbaum, Heidegrund<\/li>\n<li>Neubau eines Verwaltungsgeb\u00e4udes mit Paketsortieranlage in Neufahrn<\/li>\n<li>Neubau eines Logistikzentrums mit Verwaltungsgeb\u00e4ude inkl. LKW-Werkst\u00e4tte und K\u00fchlhochregallager in Memmingen<\/li>\n<li>Neubau eines Softwareentwicklungs- und Verwaltungsgeb\u00e4udes in Ismaning<\/li>\n<li>Umbau Sheraton Hotel M\u00fcnchen, Ballsaal, Konferenzbereich usw.<\/li>\n<li>Neubau eines Verwaltungsgeb\u00e4udes mit Produktionshalle in Kirchheim<\/li>\n<li>Neubau eines Verwaltungsgeb\u00e4udes mit Chipfertigung in Regensburg<\/li>\n<li>Neu- und Umbau eines Verwaltungsgeb\u00e4udes mit Casino in Kempten<\/li>\n<li>Neubau einer Wohnanlage mit Tiefgarage in Dresden<\/li>\n<li>Neubau einer Wohnanlage mit Kindergarten in M\u00fcnchen<\/li>\n<li>Neubau eines Einkaufszentrums FOC Wertheim<\/li>\n<li>Neubau eines Einkaufzentrums FOC Ingolstadt<\/li>\n<li>Neubau eines Klinik-Wohnhauses in M\u00fcnchen<\/li>\n<li>Umbau des Hauptstellenkomplexes der Kreissparkasse in Garmisch-Partenkirchen<\/li>\n<li>Neubau der Zweigstelle Grafing der Kreissparkasse in Ebersberg<\/li>\n<li>Neu- und Umbau St\u00e4ndehaus D\u00fcsseldorf<\/li>\n<li>Neu- und Umbau ASZ-Kirchheim<\/li>\n<\/ul>\n","protected":false},"excerpt":{"rendered":"<p>LSG Sky Chefs Flughafen Frankfurt Neu- und Umbau Universit\u00e4t Mozarteum Salzburg Hofgartenpalais M\u00fcnchen ORC Heizkraftwerke mit Pelletierung in L\u00f6bau, Oranienbaum, Heidegrund Neubau eines Verwaltungsgeb\u00e4udes mit Paketsortieranlage in Neufahrn Neubau eines Logistikzentrums mit Verwaltungsgeb\u00e4ude inkl. LKW-Werkst\u00e4tte und K\u00fchlhochregallager in Memmingen Neubau eines Softwareentwicklungs- und Verwaltungsgeb\u00e4udes in Ismaning Umbau Sheraton Hotel M\u00fcnchen, Ballsaal, Konferenzbereich usw. Neubau eines &hellip; <a href=\"https:\/\/www.pk-elektroplan.de\/index.php\/referenzliste\/\" class=\"more-link\"><span class=\"screen-reader-text\">&#8222;Referenzliste&#8220; <\/span>weiterlesen<\/a><\/p>\n","protected":false},"author":1,"featured_media":0,"parent":0,"menu_order":0,"comment_status":"closed","ping_status":"closed","template":"","meta":{"footnotes":""},"class_list":["post-32","page","type-page","status-publish","hentry"],"yoast_head":"<!-- This site is optimized with the Yoast SEO plugin v25.1 - https:\/\/yoast.com\/wordpress\/plugins\/seo\/ -->\n<title>Referenzen - Einblick in unsere Projekte | PK-Elektroplan<\/title>\n<meta name=\"description\" content=\"Ob Flughafen, Wohnanlage oder Kraftwerk. Wir haben zahlreiche \u00f6ffentliche und private Bauprojekte erfolgreich abgewickelt. Jetzt mehr erfahren.\" \/>\n<meta name=\"robots\" content=\"index, follow, max-snippet:-1, max-image-preview:large, max-video-preview:-1\" \/>\n<link rel=\"canonical\" href=\"https:\/\/www.pk-elektroplan.de\/index.php\/referenzliste\/\" \/>\n<meta property=\"og:locale\" content=\"de_DE\" \/>\n<meta property=\"og:type\" content=\"article\" \/>\n<meta property=\"og:title\" content=\"Referenzen - Einblick in unsere Projekte | PK-Elektroplan\" \/>\n<meta property=\"og:description\" content=\"Ob Flughafen, Wohnanlage oder Kraftwerk. Wir haben zahlreiche \u00f6ffentliche und private Bauprojekte erfolgreich abgewickelt. Jetzt mehr erfahren.\" \/>\n<meta property=\"og:url\" content=\"https:\/\/www.pk-elektroplan.de\/index.php\/referenzliste\/\" \/>\n<meta property=\"og:site_name\" content=\"PK-Elektroplan\" \/>\n<meta property=\"article:modified_time\" content=\"2021-05-05T08:25:18+00:00\" \/>\n<meta property=\"og:image\" content=\"https:\/\/www.pk-elektroplan.de\/wp-content\/uploads\/2017\/08\/cache_2412699037-300x191.jpg\" \/>\n<meta name=\"twitter:card\" content=\"summary_large_image\" \/>\n<meta name=\"twitter:label1\" content=\"Gesch\u00e4tzte Lesezeit\" \/>\n\t<meta name=\"twitter:data1\" content=\"2\u00a0Minuten\" \/>\n<script type=\"application\/ld+json\" class=\"yoast-schema-graph\">{\"@context\":\"https:\/\/schema.org\",\"@graph\":[{\"@type\":\"WebPage\",\"@id\":\"https:\/\/www.pk-elektroplan.de\/index.php\/referenzliste\/\",\"url\":\"https:\/\/www.pk-elektroplan.de\/index.php\/referenzliste\/\",\"name\":\"Referenzen - Einblick in unsere Projekte | PK-Elektroplan\",\"isPartOf\":{\"@id\":\"https:\/\/www.pk-elektroplan.de\/#website\"},\"primaryImageOfPage\":{\"@id\":\"https:\/\/www.pk-elektroplan.de\/index.php\/referenzliste\/#primaryimage\"},\"image\":{\"@id\":\"https:\/\/www.pk-elektroplan.de\/index.php\/referenzliste\/#primaryimage\"},\"thumbnailUrl\":\"https:\/\/www.pk-elektroplan.de\/wp-content\/uploads\/2017\/08\/cache_2412699037-300x191.jpg\",\"datePublished\":\"2017-07-26T13:18:35+00:00\",\"dateModified\":\"2021-05-05T08:25:18+00:00\",\"description\":\"Ob Flughafen, Wohnanlage oder Kraftwerk. Wir haben zahlreiche \u00f6ffentliche und private Bauprojekte erfolgreich abgewickelt. Jetzt mehr erfahren.\",\"breadcrumb\":{\"@id\":\"https:\/\/www.pk-elektroplan.de\/index.php\/referenzliste\/#breadcrumb\"},\"inLanguage\":\"de\",\"potentialAction\":[{\"@type\":\"ReadAction\",\"target\":[\"https:\/\/www.pk-elektroplan.de\/index.php\/referenzliste\/\"]}]},{\"@type\":\"ImageObject\",\"inLanguage\":\"de\",\"@id\":\"https:\/\/www.pk-elektroplan.de\/index.php\/referenzliste\/#primaryimage\",\"url\":\"https:\/\/www.pk-elektroplan.de\/wp-content\/uploads\/2017\/08\/cache_2412699037.jpg\",\"contentUrl\":\"https:\/\/www.pk-elektroplan.de\/wp-content\/uploads\/2017\/08\/cache_2412699037.jpg\",\"width\":480,\"height\":306,\"caption\":\"Geb\u00e4ude von LSG Sky Chefs am Flughafen Frankfurt\"},{\"@type\":\"BreadcrumbList\",\"@id\":\"https:\/\/www.pk-elektroplan.de\/index.php\/referenzliste\/#breadcrumb\",\"itemListElement\":[{\"@type\":\"ListItem\",\"position\":1,\"name\":\"Startseite\",\"item\":\"https:\/\/www.pk-elektroplan.de\/\"},{\"@type\":\"ListItem\",\"position\":2,\"name\":\"Referenzliste\"}]},{\"@type\":\"WebSite\",\"@id\":\"https:\/\/www.pk-elektroplan.de\/#website\",\"url\":\"https:\/\/www.pk-elektroplan.de\/\",\"name\":\"PK-Elektroplan\",\"description\":\"Das komplette Spektrum der Elektrotechnik\",\"publisher\":{\"@id\":\"https:\/\/www.pk-elektroplan.de\/#organization\"},\"potentialAction\":[{\"@type\":\"SearchAction\",\"target\":{\"@type\":\"EntryPoint\",\"urlTemplate\":\"https:\/\/www.pk-elektroplan.de\/?s={search_term_string}\"},\"query-input\":{\"@type\":\"PropertyValueSpecification\",\"valueRequired\":true,\"valueName\":\"search_term_string\"}}],\"inLanguage\":\"de\"},{\"@type\":\"Organization\",\"@id\":\"https:\/\/www.pk-elektroplan.de\/#organization\",\"name\":\"PK-Elektroplan\",\"url\":\"https:\/\/www.pk-elektroplan.de\/\",\"logo\":{\"@type\":\"ImageObject\",\"inLanguage\":\"de\",\"@id\":\"https:\/\/www.pk-elektroplan.de\/#\/schema\/logo\/image\/\",\"url\":\"https:\/\/www.pk-elektroplan.de\/wp-content\/uploads\/2017\/07\/cropped-logo-200-1.png\",\"contentUrl\":\"https:\/\/www.pk-elektroplan.de\/wp-content\/uploads\/2017\/07\/cropped-logo-200-1.png\",\"width\":240,\"height\":240,\"caption\":\"PK-Elektroplan\"},\"image\":{\"@id\":\"https:\/\/www.pk-elektroplan.de\/#\/schema\/logo\/image\/\"}}]}<\/script>\n<!-- \/ Yoast SEO plugin. -->","yoast_head_json":{"title":"Referenzen - Einblick in unsere Projekte | PK-Elektroplan","description":"Ob Flughafen, Wohnanlage oder Kraftwerk. Wir haben zahlreiche \u00f6ffentliche und private Bauprojekte erfolgreich abgewickelt. Jetzt mehr erfahren.","robots":{"index":"index","follow":"follow","max-snippet":"max-snippet:-1","max-image-preview":"max-image-preview:large","max-video-preview":"max-video-preview:-1"},"canonical":"https:\/\/www.pk-elektroplan.de\/index.php\/referenzliste\/","og_locale":"de_DE","og_type":"article","og_title":"Referenzen - Einblick in unsere Projekte | PK-Elektroplan","og_description":"Ob Flughafen, Wohnanlage oder Kraftwerk. Wir haben zahlreiche \u00f6ffentliche und private Bauprojekte erfolgreich abgewickelt. Jetzt mehr erfahren.","og_url":"https:\/\/www.pk-elektroplan.de\/index.php\/referenzliste\/","og_site_name":"PK-Elektroplan","article_modified_time":"2021-05-05T08:25:18+00:00","og_image":[{"url":"https:\/\/www.pk-elektroplan.de\/wp-content\/uploads\/2017\/08\/cache_2412699037-300x191.jpg","type":"","width":"","height":""}],"twitter_card":"summary_large_image","twitter_misc":{"Gesch\u00e4tzte Lesezeit":"2\u00a0Minuten"},"schema":{"@context":"https:\/\/schema.org","@graph":[{"@type":"WebPage","@id":"https:\/\/www.pk-elektroplan.de\/index.php\/referenzliste\/","url":"https:\/\/www.pk-elektroplan.de\/index.php\/referenzliste\/","name":"Referenzen - Einblick in unsere Projekte | PK-Elektroplan","isPartOf":{"@id":"https:\/\/www.pk-elektroplan.de\/#website"},"primaryImageOfPage":{"@id":"https:\/\/www.pk-elektroplan.de\/index.php\/referenzliste\/#primaryimage"},"image":{"@id":"https:\/\/www.pk-elektroplan.de\/index.php\/referenzliste\/#primaryimage"},"thumbnailUrl":"https:\/\/www.pk-elektroplan.de\/wp-content\/uploads\/2017\/08\/cache_2412699037-300x191.jpg","datePublished":"2017-07-26T13:18:35+00:00","dateModified":"2021-05-05T08:25:18+00:00","description":"Ob Flughafen, Wohnanlage oder Kraftwerk. Wir haben zahlreiche \u00f6ffentliche und private Bauprojekte erfolgreich abgewickelt. Jetzt mehr erfahren.","breadcrumb":{"@id":"https:\/\/www.pk-elektroplan.de\/index.php\/referenzliste\/#breadcrumb"},"inLanguage":"de","potentialAction":[{"@type":"ReadAction","target":["https:\/\/www.pk-elektroplan.de\/index.php\/referenzliste\/"]}]},{"@type":"ImageObject","inLanguage":"de","@id":"https:\/\/www.pk-elektroplan.de\/index.php\/referenzliste\/#primaryimage","url":"https:\/\/www.pk-elektroplan.de\/wp-content\/uploads\/2017\/08\/cache_2412699037.jpg","contentUrl":"https:\/\/www.pk-elektroplan.de\/wp-content\/uploads\/2017\/08\/cache_2412699037.jpg","width":480,"height":306,"caption":"Geb\u00e4ude von LSG Sky Chefs am Flughafen Frankfurt"},{"@type":"BreadcrumbList","@id":"https:\/\/www.pk-elektroplan.de\/index.php\/referenzliste\/#breadcrumb","itemListElement":[{"@type":"ListItem","position":1,"name":"Startseite","item":"https:\/\/www.pk-elektroplan.de\/"},{"@type":"ListItem","position":2,"name":"Referenzliste"}]},{"@type":"WebSite","@id":"https:\/\/www.pk-elektroplan.de\/#website","url":"https:\/\/www.pk-elektroplan.de\/","name":"PK-Elektroplan","description":"Das komplette Spektrum der Elektrotechnik","publisher":{"@id":"https:\/\/www.pk-elektroplan.de\/#organization"},"potentialAction":[{"@type":"SearchAction","target":{"@type":"EntryPoint","urlTemplate":"https:\/\/www.pk-elektroplan.de\/?s={search_term_string}"},"query-input":{"@type":"PropertyValueSpecification","valueRequired":true,"valueName":"search_term_string"}}],"inLanguage":"de"},{"@type":"Organization","@id":"https:\/\/www.pk-elektroplan.de\/#organization","name":"PK-Elektroplan","url":"https:\/\/www.pk-elektroplan.de\/","logo":{"@type":"ImageObject","inLanguage":"de","@id":"https:\/\/www.pk-elektroplan.de\/#\/schema\/logo\/image\/","url":"https:\/\/www.pk-elektroplan.de\/wp-content\/uploads\/2017\/07\/cropped-logo-200-1.png","contentUrl":"https:\/\/www.pk-elektroplan.de\/wp-content\/uploads\/2017\/07\/cropped-logo-200-1.png","width":240,"height":240,"caption":"PK-Elektroplan"},"image":{"@id":"https:\/\/www.pk-elektroplan.de\/#\/schema\/logo\/image\/"}}]}},"_links":{"self":[{"href":"https:\/\/www.pk-elektroplan.de\/index.php\/wp-json\/wp\/v2\/pages\/32","targetHints":{"allow":["GET"]}}],"collection":[{"href":"https:\/\/www.pk-elektroplan.de\/index.php\/wp-json\/wp\/v2\/pages"}],"about":[{"href":"https:\/\/www.pk-elektroplan.de\/index.php\/wp-json\/wp\/v2\/types\/page"}],"author":[{"embeddable":true,"href":"https:\/\/www.pk-elektroplan.de\/index.php\/wp-json\/wp\/v2\/users\/1"}],"replies":[{"embeddable":true,"href":"https:\/\/www.pk-elektroplan.de\/index.php\/wp-json\/wp\/v2\/comments?post=32"}],"version-history":[{"count":5,"href":"https:\/\/www.pk-elektroplan.de\/index.php\/wp-json\/wp\/v2\/pages\/32\/revisions"}],"predecessor-version":[{"id":111,"href":"https:\/\/www.pk-elektroplan.de\/index.php\/wp-json\/wp\/v2\/pages\/32\/revisions\/111"}],"wp:attachment":[{"href":"https:\/\/www.pk-elektroplan.de\/index.php\/wp-json\/wp\/v2\/media?parent=32"}],"curies":[{"name":"wp","href":"https:\/\/api.w.org\/{rel}","templated":true}]}}