{"id":34,"date":"2017-07-26T15:18:45","date_gmt":"2017-07-26T13:18:45","guid":{"rendered":"http:\/\/www.pk-elektroplan.de?page_id=34"},"modified":"2021-05-05T10:26:56","modified_gmt":"2021-05-05T08:26:56","slug":"das-team","status":"publish","type":"page","link":"https:\/\/www.pk-elektroplan.de\/index.php\/das-team\/","title":{"rendered":"Das Team"},"content":{"rendered":"<p>Das Team von PK-Elektroplan besteht aus<\/p>\n<p>Norbert Kramer<br \/>\nPK-Elektroplan<br \/>\nPlanungsb\u00fcro f\u00fcr Elektroanlangen und Energietechnik<br \/>\nPlanung, Bauleitung, Beratung, Freier Sachverst\u00e4ndiger<\/p>\n<p>und einem Team von Ingenieuren und Technikern.<\/p>\n","protected":false},"excerpt":{"rendered":"<p>Das Team von PK-Elektroplan besteht aus Norbert Kramer PK-Elektroplan Planungsb\u00fcro f\u00fcr Elektroanlangen und Energietechnik Planung, Bauleitung, Beratung, Freier Sachverst\u00e4ndiger und einem Team von Ingenieuren und Technikern.<\/p>\n","protected":false},"author":1,"featured_media":0,"parent":0,"menu_order":0,"comment_status":"closed","ping_status":"closed","template":"","meta":{"footnotes":""},"class_list":["post-34","page","type-page","status-publish","hentry"],"yoast_head":"<!-- This site is optimized with the Yoast SEO plugin v25.1 - https:\/\/yoast.com\/wordpress\/plugins\/seo\/ -->\n<title>Unser Team - Lernen Sie uns kennen | PK-Elektroplan<\/title>\n<meta name=\"description\" content=\"Norbert Kramer und sein Team aus erfahrenen Ingenieuren und Technikern stehen Ihnen mit geballter Expertise zur Verf\u00fcgung. Jetzt mehr erfahren.\" \/>\n<meta name=\"robots\" content=\"index, follow, max-snippet:-1, max-image-preview:large, max-video-preview:-1\" \/>\n<link rel=\"canonical\" href=\"https:\/\/www.pk-elektroplan.de\/index.php\/das-team\/\" \/>\n<meta property=\"og:locale\" content=\"de_DE\" \/>\n<meta property=\"og:type\" content=\"article\" \/>\n<meta property=\"og:title\" content=\"Unser Team - Lernen Sie uns kennen | PK-Elektroplan\" \/>\n<meta property=\"og:description\" content=\"Norbert Kramer und sein Team aus erfahrenen Ingenieuren und Technikern stehen Ihnen mit geballter Expertise zur Verf\u00fcgung. Jetzt mehr erfahren.\" \/>\n<meta property=\"og:url\" content=\"https:\/\/www.pk-elektroplan.de\/index.php\/das-team\/\" \/>\n<meta property=\"og:site_name\" content=\"PK-Elektroplan\" \/>\n<meta property=\"article:modified_time\" content=\"2021-05-05T08:26:56+00:00\" \/>\n<meta name=\"twitter:card\" content=\"summary_large_image\" \/>\n<meta name=\"twitter:label1\" content=\"Gesch\u00e4tzte Lesezeit\" \/>\n\t<meta name=\"twitter:data1\" content=\"1\u00a0Minute\" \/>\n<script type=\"application\/ld+json\" class=\"yoast-schema-graph\">{\"@context\":\"https:\/\/schema.org\",\"@graph\":[{\"@type\":[\"WebPage\",\"AboutPage\"],\"@id\":\"https:\/\/www.pk-elektroplan.de\/index.php\/das-team\/\",\"url\":\"https:\/\/www.pk-elektroplan.de\/index.php\/das-team\/\",\"name\":\"Unser Team - Lernen Sie uns kennen | PK-Elektroplan\",\"isPartOf\":{\"@id\":\"https:\/\/www.pk-elektroplan.de\/#website\"},\"datePublished\":\"2017-07-26T13:18:45+00:00\",\"dateModified\":\"2021-05-05T08:26:56+00:00\",\"description\":\"Norbert Kramer und sein Team aus erfahrenen Ingenieuren und Technikern stehen Ihnen mit geballter Expertise zur Verf\u00fcgung. Jetzt mehr erfahren.\",\"breadcrumb\":{\"@id\":\"https:\/\/www.pk-elektroplan.de\/index.php\/das-team\/#breadcrumb\"},\"inLanguage\":\"de\",\"potentialAction\":[{\"@type\":\"ReadAction\",\"target\":[\"https:\/\/www.pk-elektroplan.de\/index.php\/das-team\/\"]}]},{\"@type\":\"BreadcrumbList\",\"@id\":\"https:\/\/www.pk-elektroplan.de\/index.php\/das-team\/#breadcrumb\",\"itemListElement\":[{\"@type\":\"ListItem\",\"position\":1,\"name\":\"Startseite\",\"item\":\"https:\/\/www.pk-elektroplan.de\/\"},{\"@type\":\"ListItem\",\"position\":2,\"name\":\"Das Team\"}]},{\"@type\":\"WebSite\",\"@id\":\"https:\/\/www.pk-elektroplan.de\/#website\",\"url\":\"https:\/\/www.pk-elektroplan.de\/\",\"name\":\"PK-Elektroplan\",\"description\":\"Das komplette Spektrum der Elektrotechnik\",\"publisher\":{\"@id\":\"https:\/\/www.pk-elektroplan.de\/#organization\"},\"potentialAction\":[{\"@type\":\"SearchAction\",\"target\":{\"@type\":\"EntryPoint\",\"urlTemplate\":\"https:\/\/www.pk-elektroplan.de\/?s={search_term_string}\"},\"query-input\":{\"@type\":\"PropertyValueSpecification\",\"valueRequired\":true,\"valueName\":\"search_term_string\"}}],\"inLanguage\":\"de\"},{\"@type\":\"Organization\",\"@id\":\"https:\/\/www.pk-elektroplan.de\/#organization\",\"name\":\"PK-Elektroplan\",\"url\":\"https:\/\/www.pk-elektroplan.de\/\",\"logo\":{\"@type\":\"ImageObject\",\"inLanguage\":\"de\",\"@id\":\"https:\/\/www.pk-elektroplan.de\/#\/schema\/logo\/image\/\",\"url\":\"https:\/\/www.pk-elektroplan.de\/wp-content\/uploads\/2017\/07\/cropped-logo-200-1.png\",\"contentUrl\":\"https:\/\/www.pk-elektroplan.de\/wp-content\/uploads\/2017\/07\/cropped-logo-200-1.png\",\"width\":240,\"height\":240,\"caption\":\"PK-Elektroplan\"},\"image\":{\"@id\":\"https:\/\/www.pk-elektroplan.de\/#\/schema\/logo\/image\/\"}}]}<\/script>\n<!-- \/ Yoast SEO plugin. -->","yoast_head_json":{"title":"Unser Team - Lernen Sie uns kennen | PK-Elektroplan","description":"Norbert Kramer und sein Team aus erfahrenen Ingenieuren und Technikern stehen Ihnen mit geballter Expertise zur Verf\u00fcgung. Jetzt mehr erfahren.","robots":{"index":"index","follow":"follow","max-snippet":"max-snippet:-1","max-image-preview":"max-image-preview:large","max-video-preview":"max-video-preview:-1"},"canonical":"https:\/\/www.pk-elektroplan.de\/index.php\/das-team\/","og_locale":"de_DE","og_type":"article","og_title":"Unser Team - Lernen Sie uns kennen | PK-Elektroplan","og_description":"Norbert Kramer und sein Team aus erfahrenen Ingenieuren und Technikern stehen Ihnen mit geballter Expertise zur Verf\u00fcgung. Jetzt mehr erfahren.","og_url":"https:\/\/www.pk-elektroplan.de\/index.php\/das-team\/","og_site_name":"PK-Elektroplan","article_modified_time":"2021-05-05T08:26:56+00:00","twitter_card":"summary_large_image","twitter_misc":{"Gesch\u00e4tzte Lesezeit":"1\u00a0Minute"},"schema":{"@context":"https:\/\/schema.org","@graph":[{"@type":["WebPage","AboutPage"],"@id":"https:\/\/www.pk-elektroplan.de\/index.php\/das-team\/","url":"https:\/\/www.pk-elektroplan.de\/index.php\/das-team\/","name":"Unser Team - Lernen Sie uns kennen | PK-Elektroplan","isPartOf":{"@id":"https:\/\/www.pk-elektroplan.de\/#website"},"datePublished":"2017-07-26T13:18:45+00:00","dateModified":"2021-05-05T08:26:56+00:00","description":"Norbert Kramer und sein Team aus erfahrenen Ingenieuren und Technikern stehen Ihnen mit geballter Expertise zur Verf\u00fcgung. Jetzt mehr erfahren.","breadcrumb":{"@id":"https:\/\/www.pk-elektroplan.de\/index.php\/das-team\/#breadcrumb"},"inLanguage":"de","potentialAction":[{"@type":"ReadAction","target":["https:\/\/www.pk-elektroplan.de\/index.php\/das-team\/"]}]},{"@type":"BreadcrumbList","@id":"https:\/\/www.pk-elektroplan.de\/index.php\/das-team\/#breadcrumb","itemListElement":[{"@type":"ListItem","position":1,"name":"Startseite","item":"https:\/\/www.pk-elektroplan.de\/"},{"@type":"ListItem","position":2,"name":"Das Team"}]},{"@type":"WebSite","@id":"https:\/\/www.pk-elektroplan.de\/#website","url":"https:\/\/www.pk-elektroplan.de\/","name":"PK-Elektroplan","description":"Das komplette Spektrum der Elektrotechnik","publisher":{"@id":"https:\/\/www.pk-elektroplan.de\/#organization"},"potentialAction":[{"@type":"SearchAction","target":{"@type":"EntryPoint","urlTemplate":"https:\/\/www.pk-elektroplan.de\/?s={search_term_string}"},"query-input":{"@type":"PropertyValueSpecification","valueRequired":true,"valueName":"search_term_string"}}],"inLanguage":"de"},{"@type":"Organization","@id":"https:\/\/www.pk-elektroplan.de\/#organization","name":"PK-Elektroplan","url":"https:\/\/www.pk-elektroplan.de\/","logo":{"@type":"ImageObject","inLanguage":"de","@id":"https:\/\/www.pk-elektroplan.de\/#\/schema\/logo\/image\/","url":"https:\/\/www.pk-elektroplan.de\/wp-content\/uploads\/2017\/07\/cropped-logo-200-1.png","contentUrl":"https:\/\/www.pk-elektroplan.de\/wp-content\/uploads\/2017\/07\/cropped-logo-200-1.png","width":240,"height":240,"caption":"PK-Elektroplan"},"image":{"@id":"https:\/\/www.pk-elektroplan.de\/#\/schema\/logo\/image\/"}}]}},"_links":{"self":[{"href":"https:\/\/www.pk-elektroplan.de\/index.php\/wp-json\/wp\/v2\/pages\/34","targetHints":{"allow":["GET"]}}],"collection":[{"href":"https:\/\/www.pk-elektroplan.de\/index.php\/wp-json\/wp\/v2\/pages"}],"about":[{"href":"https:\/\/www.pk-elektroplan.de\/index.php\/wp-json\/wp\/v2\/types\/page"}],"author":[{"embeddable":true,"href":"https:\/\/www.pk-elektroplan.de\/index.php\/wp-json\/wp\/v2\/users\/1"}],"replies":[{"embeddable":true,"href":"https:\/\/www.pk-elektroplan.de\/index.php\/wp-json\/wp\/v2\/comments?post=34"}],"version-history":[{"count":2,"href":"https:\/\/www.pk-elektroplan.de\/index.php\/wp-json\/wp\/v2\/pages\/34\/revisions"}],"predecessor-version":[{"id":69,"href":"https:\/\/www.pk-elektroplan.de\/index.php\/wp-json\/wp\/v2\/pages\/34\/revisions\/69"}],"wp:attachment":[{"href":"https:\/\/www.pk-elektroplan.de\/index.php\/wp-json\/wp\/v2\/media?parent=34"}],"curies":[{"name":"wp","href":"https:\/\/api.w.org\/{rel}","templated":true}]}}